{"id":125,"date":"2014-05-13T12:42:00","date_gmt":"2014-05-13T12:42:00","guid":{"rendered":"http:\/\/www.berndackermann.de\/kunstverein_schwetzingen\/wp\/?page_id=2"},"modified":"2024-10-04T23:08:40","modified_gmt":"2024-10-04T21:08:40","slug":"beispiel-seite-2","status":"publish","type":"page","link":"https:\/\/kunstverein-schwetzingen.de\/?page_id=125","title":{"rendered":"Wir \u00fcber uns"},"content":{"rendered":"<p>Wir \u00fcber uns\u2026<\/p>\n<p>Der Kunstverein Schwetzingen wurde 1972 gegr\u00fcndet und z\u00e4hlt heute ca. 200 Mitglieder. Er ist ein eingetragener Verein, als gemeinn\u00fctzig anerkannt und Mitglied der Arbeitsgemeinschaft deutscher Kunstvereine (AdKV). Er wird von der Stadt Schwetzingen und dem Land Baden-W\u00fcrttemberg unterst\u00fctzt. Er versteht sich als klassischer, sprich b\u00fcrgerlicher Kunstverein, wie er seit dem sp\u00e4ten 18. Jahrhundert im deutschsprachigen Raum (und nur dort) Tradition besitzt. Wir sind also kein K\u00fcnstlerverein.\u00a0 Mit bis zu f\u00fcnf Ausstellungen pro Jahre in wechselnden R\u00e4umen der Stadt wird zeitgen\u00f6ssische, meist \u00fcberregionale Kunst gef\u00f6rdert. Unsere R\u00e4umlichkeiten sind das barocke Palais Hirsch, die Orangerie des Schwetzinger Schlosses (im Sommer), die Evangelische Pfarrkirche und die Schlosskapelle im Advent.<\/p>\n<p>Der K\u00fcnstlerische Leiter ist der 1961 geborene Kunsthistoriker Dr. Dietmar Schuth aus Heidelberg. Nach Studium der Kunstgeschichte und Germanistik in Heidelberg und Wien war er Mitarbeiter der documenta 8, \u00fcber die er 1989 seine Magisterarbeit verfasste. 1995 folgte die Promotion \u00fcber die &#8222;Farbe Blau&#8220;. Er war langj\u00e4hriger Mitarbeiter des Heidelberger Kunstvereins, dann von 2001 bis 2020 K\u00fcnstlerischer Leiter des Kunstvereins Worms und seit 2005 des Kunstvereins Schwetzingen. Seit 2014 ist er zus\u00e4tzlich Direktor des von ihm begr\u00fcndeten &#8222;Museums f\u00fcr die Farbe Blau&#8220; in Schwetzingen (www.museumblau.de).<\/p>\n<p>Schwetzingen ist eine kleine, feine und sehr alte Stadt (766 erstmals erw\u00e4hnt) zwischen Heidelberg und Mannheim mit heute etwa 20.000 Einwohnern. Weltber\u00fchmt ist sein Barockschloss mit Schlosspark, einst Residenz der Kurf\u00fcrsten von der Pfalz. Mozart gastierte in seinen Mauern, die von den bekanntesten Architekten und K\u00fcnstlern ihrer Zeit gestaltet waren. Heute ist Schwetzingen eine lebendige Stadt mit dem Charme seiner historischen Bausubstanz und seinem reichem Kulturleben.<\/p>\n<p>Kontakt und Impressum:<\/p>\n<p>Kunstverein Schwetzingen e.V.<br \/>\nAhornweg 13<br \/>\n68723 Schwetzingen<br \/>\n<a href=\"mailto:info@kunstverein-schwetzingen.de\">info@kunstverein-schwetzingen.de<\/a><\/p>\n<p>Registergericht: Amtsgericht Schwetzingen\u00a0\u00a0\u00a0\u00a0\u00a0\u00a0\u00a0\u00a0\u00a0\u00a0\u00a0\u00a0\u00a0\u00a0\u00a0\u00a0\u00a0\u00a0\u00a0\u00a0\u00a0\u00a0\u00a0\u00a0\u00a0\u00a0\u00a0\u00a0\u00a0\u00a0\u00a0\u00a0\u00a0\u00a0\u00a0\u00a0\u00a0\u00a0\u00a0\u00a0\u00a0\u00a0\u00a0\u00a0\u00a0\u00a0\u00a0\u00a0\u00a0\u00a0\u00a0\u00a0\u00a0\u00a0\u00a0\u00a0\u00a0\u00a0\u00a0\u00a0\u00a0\u00a0\u00a0\u00a0\u00a0\u00a0\u00a0\u00a0\u00a0\u00a0\u00a0\u00a0\u00a0\u00a0\u00a0\u00a0\u00a0\u00a0\u00a0\u00a0\u00a0\u00a0\u00a0\u00a0\u00a0\u00a0\u00a0\u00a0\u00a0\u00a0\u00a0\u00a0\u00a0\u00a0\u00a0\u00a0\u00a0\u00a0\u00a0\u00a0\u00a0\u00a0\u00a0\u00a0\u00a0\u00a0\u00a0\u00a0\u00a0\u00a0\u00a0\u00a0\u00a0\u00a0\u00a0\u00a0\u00a0\u00a0\u00a0\u00a0\u00a0\u00a0\u00a0\u00a0\u00a0\u00a0\u00a0\u00a0\u00a0\u00a0\u00a0\u00a0\u00a0\u00a0\u00a0\u00a0\u00a0\u00a0\u00a0\u00a0\u00a0\u00a0\u00a0\u00a0\u00a0\u00a0\u00a0\u00a0\u00a0\u00a0\u00a0\u00a0\u00a0\u00a0\u00a0\u00a0\u00a0\u00a0\u00a0\u00a0\u00a0\u00a0\u00a0\u00a0\u00a0\u00a0\u00a0\u00a0\u00a0\u00a0\u00a0\u00a0\u00a0\u00a0\u00a0\u00a0\u00a0\u00a0\u00a0\u00a0\u00a0\u00a0\u00a0\u00a0\u00a0\u00a0\u00a0\u00a0\u00a0\u00a0\u00a0\u00a0\u00a0\u00a0\u00a0\u00a0\u00a0\u00a0\u00a0\u00a0\u00a0\u00a0\u00a0\u00a0\u00a0\u00a0\u00a0\u00a0\u00a0\u00a0\u00a0\u00a0\u00a0\u00a0\u00a0\u00a0\u00a0\u00a0\u00a0\u00a0\u00a0\u00a0\u00a0\u00a0\u00a0\u00a0\u00a0\u00a0\u00a0\u00a0\u00a0\u00a0\u00a0\u00a0\u00a0\u00a0\u00a0\u00a0\u00a0\u00a0\u00a0\u00a0\u00a0\u00a0\u00a0\u00a0\u00a0\u00a0\u00a0\u00a0\u00a0\u00a0\u00a0 Vereinsregister: 175<\/p>\n<p>Erster Vorsitzender: Erik Schnatterer<br \/>\nZweiter Vorsitzender: Bernd Junker<br \/>\nSchatzmeisterin: Inge Melkus<br \/>\nSchriftf\u00fchrerin: Patricia Hempel<br \/>\nK\u00fcnstlerische Leitung: Dr. Dietmar Schuth (V.i.S.d.P.)<\/p>\n<p>Beirat: Ursula Wertheim-Sch\u00e4fer, Dr. Thomas Pultar<\/p>\n<p>Dr. Dietmar Schuth: <a href=\"mailto:dschuth@t-online.de\">dschuth@t-online.de<\/a><br \/>\nTel: 06221 &#8211; 160385<br \/>\n<a href=\"http:\/\/www.dietmarschuth.de\" target=\"_blank\" rel=\"noopener noreferrer\">www.dietmarschuth.de<\/a><\/p>\n<p>Der Verein wird durch zwei Vorstandsmitglieder gerichtlich und au\u00dfergerichtlich vertreten. Soweit der 1. Vorsitzende an der Wahrnehmung seiner Aufgaben verhindert ist, wird er durch den 2. Vorsitzenden vertreten. \u00a712 und \u00a713 der Satzung.\u201c<\/p>\n<p>Links:<\/p>\n<p>Stadt Schwetzingen<br \/>\n<a href=\"http:\/\/www.schwetzingen.de\" target=\"_blank\" rel=\"noopener noreferrer\">www.schwetzingen.de<\/a><\/p>\n<p>Realisation dieser Internetseiten:<br \/>\n<a href=\"https:\/\/kunststueckchen.de\" target=\"_blank\" rel=\"noopener noreferrer\">www.kunststueckchen.de<\/a><\/p>\n<p class=\"credit\">CMS <a href=\"http:\/\/www.wordpress.com\" target=\"_blank\" rel=\"noopener noreferrer\">WordPress<\/a> und Basisthema <a href=\"https:\/\/colibriwp.com\">Colibri<\/a><\/p>\n","protected":false},"excerpt":{"rendered":"<p>Wir \u00fcber uns\u2026 Der Kunstverein Schwetzingen wurde 1972 gegr\u00fcndet und z\u00e4hlt heute ca. 200 Mitglieder. Er ist ein eingetragener Verein, als gemeinn\u00fctzig anerkannt und Mitglied der Arbeitsgemeinschaft deutscher Kunstvereine (AdKV). Er wird von der Stadt Schwetzingen und dem Land Baden-W\u00fcrttemberg unterst\u00fctzt. Er versteht sich als klassischer, sprich b\u00fcrgerlicher Kunstverein, wie er seit dem sp\u00e4ten 18. [&hellip;]<\/p>\n","protected":false},"author":2,"featured_media":0,"parent":0,"menu_order":0,"comment_status":"open","ping_status":"open","template":"","meta":{"footnotes":""},"class_list":["post-125","page","type-page","status-publish","hentry"],"_links":{"self":[{"href":"https:\/\/kunstverein-schwetzingen.de\/index.php?rest_route=\/wp\/v2\/pages\/125","targetHints":{"allow":["GET"]}}],"collection":[{"href":"https:\/\/kunstverein-schwetzingen.de\/index.php?rest_route=\/wp\/v2\/pages"}],"about":[{"href":"https:\/\/kunstverein-schwetzingen.de\/index.php?rest_route=\/wp\/v2\/types\/page"}],"author":[{"embeddable":true,"href":"https:\/\/kunstverein-schwetzingen.de\/index.php?rest_route=\/wp\/v2\/users\/2"}],"replies":[{"embeddable":true,"href":"https:\/\/kunstverein-schwetzingen.de\/index.php?rest_route=%2Fwp%2Fv2%2Fcomments&post=125"}],"version-history":[{"count":20,"href":"https:\/\/kunstverein-schwetzingen.de\/index.php?rest_route=\/wp\/v2\/pages\/125\/revisions"}],"predecessor-version":[{"id":3077,"href":"https:\/\/kunstverein-schwetzingen.de\/index.php?rest_route=\/wp\/v2\/pages\/125\/revisions\/3077"}],"wp:attachment":[{"href":"https:\/\/kunstverein-schwetzingen.de\/index.php?rest_route=%2Fwp%2Fv2%2Fmedia&parent=125"}],"curies":[{"name":"wp","href":"https:\/\/api.w.org\/{rel}","templated":true}]}}

Wir über uns

<p>Wir über uns…</p>
<p>Der Kunstverein Schwetzingen wurde 1972 gegründet und zählt heute ca. 200 Mitglieder. Er ist ein eingetragener Verein, als gemeinnützig anerkannt und Mitglied der Arbeitsgemeinschaft deutscher Kunstvereine (AdKV). Er wird von der Stadt Schwetzingen und dem Land Baden-Württemberg unterstützt. Er versteht sich als klassischer, sprich bürgerlicher Kunstverein, wie er seit dem späten 18. Jahrhundert im deutschsprachigen Raum (und nur dort) Tradition besitzt. Wir sind also kein Künstlerverein.  Mit bis zu fünf Ausstellungen pro Jahre in wechselnden Räumen der Stadt wird zeitgenössische, meist überregionale Kunst gefördert. Unsere Räumlichkeiten sind das barocke Palais Hirsch, die Orangerie des Schwetzinger Schlosses (im Sommer), die Evangelische Pfarrkirche und die Schlosskapelle im Advent.</p>
<p>Der Künstlerische Leiter ist der 1961 geborene Kunsthistoriker Dr. Dietmar Schuth aus Heidelberg. Nach Studium der Kunstgeschichte und Germanistik in Heidelberg und Wien war er Mitarbeiter der documenta 8, über die er 1989 seine Magisterarbeit verfasste. 1995 folgte die Promotion über die &#8222;Farbe Blau&#8220;. Er war langjähriger Mitarbeiter des Heidelberger Kunstvereins, dann von 2001 bis 2020 Künstlerischer Leiter des Kunstvereins Worms und seit 2005 des Kunstvereins Schwetzingen. Seit 2014 ist er zusätzlich Direktor des von ihm begründeten &#8222;Museums für die Farbe Blau&#8220; in Schwetzingen (www.museumblau.de).</p>
<p>Schwetzingen ist eine kleine, feine und sehr alte Stadt (766 erstmals erwähnt) zwischen Heidelberg und Mannheim mit heute etwa 20.000 Einwohnern. Weltberühmt ist sein Barockschloss mit Schlosspark, einst Residenz der Kurfürsten von der Pfalz. Mozart gastierte in seinen Mauern, die von den bekanntesten Architekten und Künstlern ihrer Zeit gestaltet waren. Heute ist Schwetzingen eine lebendige Stadt mit dem Charme seiner historischen Bausubstanz und seinem reichem Kulturleben.</p>
<p>Kontakt und Impressum:</p>
<p>Kunstverein Schwetzingen e.V.<br />
Ahornweg 13<br />
68723 Schwetzingen<br />
<a href="mailto:info@kunstverein-schwetzingen.de">info@kunstverein-schwetzingen.de</a></p>
<p>Registergericht: Amtsgericht Schwetzingen                                                                                                                                                                                                                                                              Vereinsregister: 175</p>
<p>Erster Vorsitzender: Erik Schnatterer<br />
Zweiter Vorsitzender: Bernd Junker<br />
Schatzmeisterin: Inge Melkus<br />
Schriftführerin: Patricia Hempel<br />
Künstlerische Leitung: Dr. Dietmar Schuth (V.i.S.d.P.)</p>
<p>Beirat: Ursula Wertheim-Schäfer, Dr. Thomas Pultar</p>
<p>Dr. Dietmar Schuth: <a href="mailto:dschuth@t-online.de">dschuth@t-online.de</a><br />
Tel: 06221 &#8211; 160385<br />
<a href="http://www.dietmarschuth.de" target="_blank" rel="noopener noreferrer">www.dietmarschuth.de</a></p>
<p>Der Verein wird durch zwei Vorstandsmitglieder gerichtlich und außergerichtlich vertreten. Soweit der 1. Vorsitzende an der Wahrnehmung seiner Aufgaben verhindert ist, wird er durch den 2. Vorsitzenden vertreten. §12 und §13 der Satzung.“</p>
<p>Links:</p>
<p>Stadt Schwetzingen<br />
<a href="http://www.schwetzingen.de" target="_blank" rel="noopener noreferrer">www.schwetzingen.de</a></p>
<p>Realisation dieser Internetseiten:<br />
<a href="https://kunststueckchen.de" target="_blank" rel="noopener noreferrer">www.kunststueckchen.de</a></p>
<p class="credit">CMS <a href="http://www.wordpress.com" target="_blank" rel="noopener noreferrer">WordPress</a> und Basisthema <a href="https://colibriwp.com">Colibri</a></p>

<p>Wir über uns… Der Kunstverein Schwetzingen wurde 1972 gegründet und zählt heute ca. 200 Mitglieder. Er ist ein eingetragener Verein, als gemeinnützig anerkannt und Mitglied der Arbeitsgemeinschaft deutscher Kunstvereine (AdKV). Er wird von der Stadt Schwetzingen und dem Land Baden-Württemberg unterstützt. Er versteht sich als klassischer, sprich bürgerlicher Kunstverein, wie er seit dem späten 18. [&hellip;]</p>
